remainder when 884958 is divided by 32?
30
What is the remainder when 269356 is divided by 740?
736
What is the remainder when 21961 is divided by 173?
163
Calculate the remainder when 715 is divided by 52.
39
What is the remainder when 577052 is divided by 209?
3
Calculate the remainder when 21977 is divided by 3305.
2147
What is the remainder when 5814 is divided by 2904?
6
Calculate the remainder when 320309 is divided by 160149.
11
What is the remainder when 22981 is divided by 3281?
14
What is the remainder when 82566 is divided by 23?
19
Calculate the remainder when 236337 is divided by 41.
13
What is the remainder when 9064 is divided by 136?
88
Calculate the remainder when 5170 is divided by 59.
37
What is the remainder when 913013 is divided by 29?
6
What is the remainder when 693800 is divided by 231263?
11
What is the remainder when 1805 is divided by 20?
5
Calculate the remainder when 391613 is divided by 2.
1
What is the remainder when 10339 is divided by 2581?
15
What is the remainder when 21229 is divided by 253?
230
Calculate the remainder when 8137 is divided by 207.
64
Calculate the remainder when 7483 is divided by 523.
161
What is the remainder when 8827 is divided by 4376?
75
Calculate the remainder when 914 is divided by 397.
120
What is the remainder when 198520 is divided by 359?
352
What is the remainder when 6771 is divided by 18?
3
Calculate the remainder when 96002 is divided by 1846.
10
Calculate the remainder when 25799 is divided by 102.
95
What is the remainder when 29787 is divided by 5867?
452
Calculate the remainder when 79171 is divided by 19.
17
Calculate the remainder when 108013 is divided by 17.
12
Calculate the remainder when 717730 is divided by 322.
314
What is the remainder when 396403 is divided by 15?
13
Calculate the remainder when 495170 is divided by 316.
314
Calculate the remainder when 4312 is divided by 136.
96
Calculate the remainder when 128634 is divided by 249.
150
Calculate the remainder when 18827 is divided by 1873.
97
Calculate the remainder when 8821 is divided by 8802.
19
What is the remainder when 1641014 is divided by 248?
246
Calculate the remainder when 281529 is divided by 58.
55
Calculate the remainder when 11100 is divided by 530.
500
What is the remainder when 24743 is divided by 284?
35
What is the remainder when 1214 is divided by 748?
466
Calculate the remainder when 2287 is divided by 499.
291
What is the remainder when 5754 is divided by 5662?
92
What is the remainder when 3294 is divided by 539?
60
What is the remainder when 25591 is divided by 12795?
1
What is the remainder when 216448 is divided by 40?
8
Calculate the remainder when 9190 is divided by 1145.
30
Calculate the remainder when 1675759 is divided by 42968.
7
What is the remainder when 14380 is divided by 804?
712
Calculate the remainder when 7258 is divided by 1103.
640
What is the remainder when 19228 is divided by 67?
66
What is the remainder when 2378 is divided by 1188?
2
Calculate the remainder when 1348 is divided by 324.
52
What is the remainder when 17953 is divided by 38?
17
What is the remainder when 19385 is divided by 9209?
967
What is the remainder when 3105 is divided by 998?
111
What is the remainder when 70338 is divided by 704?
642
Calculate the remainder when 8056 is divided by 70.
6
Calculate the remainder when 3072 is divided by 3050.
22
What is the remainder when 170649 is divided by 85324?
1
Calculate the remainder when 76548 is divided by 1178.
1156
Calculate the remainder when 320140 is divided by 187.
183
Calculate the remainder when 5815 is divided by 2860.
95
What is the remainder when 4749 is divided by 431?
8
What is the remainder when 33577 is divided by 8372?
89
What is the remainder when 3219 is divided by 36?
15
Calculate the remainder when 7452 is divided by 92.
0
What is the remainder when 1001 is divided by 126?
119
What is the remainder when 2461 is divided by 14?
11
Calculate the remainder when 373 is divided by 29.
25
What is the remainder when 9098 is divided by 1118?
154
What is the remainder when 1062 is divided by 1039?
23
Calculate the remainder when 3959 is divided by 198.
197
What is the remainder when 749297 is divided by 295?
292
What is the remainder when 5155 is divided by 607?
299
What is the remainder when 63979 is divided by 107?
100
Calculate the remainder when 1005882 is divided by 13.
7
Calculate the remainder when 3297 is divided by 20.
17
What is the remainder when 3403 is divided by 1?
0
What is the remainder when 98437 is divided by 10?
7
What is the remainder when 371576 is divided by 20?
16
What is the remainder when 28086 is divided by 49?
9
What is the remainder when 21400 is divided by 4112?
840
What is the remainder when 65399 is divided by 24?
23
Calculate the remainder when 30459 is divided by 129.
15
Calculate the remainder when 41122 is divided by 175.
172
What is the remainder when 102782 is divided by 423?
416
Calculate the remainder when 15675 is divided by 1041.
60
Calculate the remainder when 45693 is divided by 214.
111
What is the remainder when 91483 is divided by 57?
55
What is the remainder when 1205 is divided by 1190?
15
What is the remainder when 69357 is divided by 158?
153
Calculate the remainder when 93043 is divided by 140.
83
Calculate the remainder when 12443 is divided by 83.
76
Calculate the remainder when 55235 is divided by 107.
23
Calculate the remainder when 3311 is divided by 1060.
131
What is the remainder when 325558 is divided by 108517?
7
Calculate the remainder when 2188 is divided by 3.
1
What is the remainder when 976 is divided by 966?
10
What is the remainder when 799 is divided by 393?
13
Calculate the remainder when 588081 is divided by 9.
3
What is the remainder when 10764 is divided by 1714?
480
Calculate the remainder when 4922 is divided by 820.
2
Calculate the remainder when 59080 is divided by 29539.
2
Calculate the remainder when 8345 is divided by 334.
329
What is the remainder when 33581 is divided by 16784?
13
Calculate the remainder when 334461 is divided by 139.
27
What is the remainder when 226589 is divided by 1174?
7
What is the remainder when 2467 is divided by 26?
23
Calculate the remainder when 8869 is divided by 887.
886
Calculate the remainder when 1274928 is divided by 177.
174
Calculate the remainder when 201351 is divided by 253.
216
Calculate the remainder when 22226 is divided by 22220.
6
What is the remainder when 470690 is divided by 4?
2
What is the remainder when 20860 is divided by 204?
52
What is the remainder when 102681 is divided by 63?
54
Calculate the remainder when 390542 is divided by 16.
14
Calculate the remainder when 420 is divided by 18.
6
What is the remainder when 8162 is divided by 314?
312
What is the remainder when 55691 is divided by 52?
51
Calculate the remainder when 1575 is divided by 161.
126
Calculate the remainder when 74011 is divided by 46.
43
Calculate the remainder when 27049 is divided by 915.
514
Calculate the remainder when 888 is divided by 27.
24
What is the remainder when 553769 is divided by 39554?
13
What is the remainder when 21370 is divided by 29?
26
What is the remainder when 5379 is divided by 299?
296
What is the remainder when 108778 is divided by 105?
103
Calculate the remainder when 28109 is divided by 89.
74
Calculate the remainder when 39956 is divided by 3632.
4
What is the remainder when 212141 is divided by 11?
6
Calculate the remainder when 5000 is divided by 129.
98
Calculate the remainder when 84798 is divided by 7066.
6
Calculate the remainder when 13795 is divided by 11.
1
What is the remainder when 35011 is divided by 427?
424
Calculate the remainder when 327820 is divided by 6070.
40
Calculate the remainder when 17111 is divided by 9.
2
What is the remainder when 52079 is divided by 25943?
193
What is the remainder when 2764 is divided by 5?
4
What is the remainder when 24108 is divided by 382?
42
Calculate the remainder when 9357 is divided by 1166.
29
What is the remainder when 104713 is divided by 10?
3
Calculate the remainder when 147975 is divided by 4931.
45
Calculate the remainder when 23343 is divided by 884.
359
What is the remainder when 10271 is divided by 2515?
211
Calculate the remainder when 1057 